
What is 4 + 3 + 3 + -6?
4
Calculate -14 + 11 - (-4 - 4).
5
Evaluate (5 - (2 + -4 + 3)) + -9.
-5
6 - (10 - 0) - -9
5
What is the value of -3 - 3 - (3 + (1 - 2))?
-8
Evaluate 6 + 7 + -6 - (11 - 1).
-3
0 + 2 + (-10 - (4 + -14))
2
What is 7 + (2 - ((1 - -10) + -5))?
3
-2 + 0 - (4 - 3)
-3
Calculate -2 - 2 - (13 + -19).
2
-51 + 52 + (-1 + 2 - 0)
2
What is (-12 - -9) + -1 + -1 + 2?
-3
Evaluate -5 + 7 + 1 - 5.
-2
Evaluate -4 - (-7 + 6 + -5 + 7).
-5
Evaluate 2 - 7 - (-6 + -5 - 0).
6
Evaluate (9 - 4) + -18 - 0 - -5.
-8
Calculate 4 - (5 + -1 - 2).
2
What is -4 - (-3 + (4 - 0))?
-5
What is the value of ((0 - -1) + 2 - 2) + -1?
0
3 - -4 - ((4 - 7) + 7)
3
What is the value of (10 - (2 + 0)) + -97 + 100?
11
-1 + 15 + -7 + -7
0
(0 + -2 - 1) + (82 - 74)
5
What is -3 - -1 - (17 + -23)?
4
Evaluate -8 + (-6 - -19) + (0 - -1).
6
What is (-3 - (5 + -11)) + 1?
4
What is 7 + -6 + -15 - -8?
-6
Evaluate (-6 - -10) + 18 + -20.
2
What is the value of -6 + 0 + 6 - 4 - 2?
-6
11 - (5 + -4) - (-14 - -22)
2
Calculate -1 + -3 - (-2 - -1).
-3
What is 6 + 0 + (-4 - 1)?
1
What is the value of (13 - 4) + -9 - 3?
-3
Evaluate (3 - 1) + (0 - 3) + 4.
3
What is 2 + -7 + 2 - -9?
6
0 - -3 - (0 + 5 - 7)
5
-2 + 8 - (-1 + 4 + -1)
4
(-2 - 0) + 2 + 8 - 4
4
Calculate (0 + 4 - 2) + 2.
4
What is the value of 2 + -2 - (3 + (-1 - 0))?
-2
What is -1 + (1 - -3 - 3 - -2)?
2
What is 3 - (2 + (10 - 18))?
9
Calculate (4 - 1) + (-5 - (8 + -7)).
-3
Evaluate -6 + 6 + -5 + 7.
2
What is the value of 0 + -2 + 8 + -7 + 3?
2
What is the value of (3 - (1 - -6)) + -1?
-5
-3 + 1 - (-4 + 6 + -6)
2
Evaluate -3 - (3 - 5) - -4.
3
What is 7 + -9 + 9 + -5?
2
Calculate -4 - (1 + 2 + 1 + -4).
-4
-15 - -12 - (-1 + 3)
-5
What is -27 + 20 - (-1 + -1)?
-5
(2 - -3) + (3 - (14 - 1))
-5
Calculate 2 + -5 + 0 + (4 - 3).
-2
Calculate 1 - -2 - (-9 - -5 - -4).
3
Evaluate -11 + 6 + 6 - (0 - -9).
-8
Evaluate (3 - 11) + 11 + -8.
-5
5 + (-3 - (0 - 1))
3
3 + (2 - (1 + 4 - 0))
0
(-3 - -9) + (-15 - -4)
-5
What is -9 - (3 + (-10 - -3))?
-5
What is -8 - (-3 + -11 + 8)?
-2
Calculate 8 + (2 - -1) + -8.
3
What is the value of -80 + 83 + 1 + 3?
7
4 + 2 + -4 + -1 + 2
3
Calculate -4 - -1 - (-11 - -4).
4
Calculate (5 - 9) + 3 - -1.
0
What is the value of -4 + 8 + -2 + -1?
1
Calculate -3 + (-4 - -8 - (-3 - -6)).
-2
What is 4 + 1 - (30 + -28)?
3
What is the value of 4 + (8 + -3 + -11 - 0)?
-2
1 - (-4 + 3 + (2 - 0))
0
Evaluate 0 - 3 - (-1 + -6 + 2).
2
Calculate 6 + -8 - (2 - -1) - -10.
5
(1 - -2) + (-1 + -3 - -4)
3
Calculate -7 + 4 + 9 - 6.
0
What is the value of -20 + 3 + 11 - (-8 - 0)?
2
Calculate 6 + 0 - (10 - (-3 + 2)).
-5
Calculate -2 - (-1 - (2 + 2)).
3
What is the value of 1 - (4 + 2 + 5 - 0)?
-10
2 + 2 + -7 + 3 + 0
0
7 + 0 + -6 + 8 + -1
8
Calculate 20 + -9 + -11 + (1 - -2).
3
What is 2 + 3 - 1 - (-2 + 4)?
2
What is (-16 - 5) + 10 - -13?
2
Calculate 2 - -4 - (16 - 5).
-5
Evaluate -3 - (7 - (6 + -2 - 2)).
-8
What is (5 - 0) + (-8 - (2 + -5))?
0
What is 1 + 3 - (-5 - -10)?
-1
Evaluate (-5 - 2) + (1 - -3).
-3
What is -2 + -3 + 6 + 6 + 0?
7
2 + (-5 - -1) + (9 - 0)
7
What is (-17 + 35 - 14) + 2 + 0?
6
Evaluate (-18 - -10) + 0 + 7.
-1
12 + -7 - (-1 - -2)
4
(7 - (5 - -5)) + 6
3
What is 10 + (-5 - 2 - -3)?
6
Evaluate 0 + -11 - 1 - -4.
-8
What is the value of 40 + -34 - (7 + 2)?
-3
What is the value of 1 + 2 + -1 + -2?
0
Evaluate (7 - 2) + -5 + 10 + -6.
4
Calculate 3 + 10 + 7 + -15 + 0.
5
What is the value of -14 + 19 - (2 - -1)?
2
84 + -85 + 1 + -2
-2
Calculate (33 - 28) + (0 - 0) - -2.
7
Calculate -326 + 315 - (-7 + -1).
-3
Calculate (-1 - 2) + 2 + -1.
-2
Calculate (-2 - -6) + 3 + -14 + 0.
-7
What is 13 + (-9 + 1 - -5) + -6?
4
4 + 0 + (2 - (1 - -10))
-5
What is the value of 4 + (-2 - (5 + -2))?
-1
What is the value of 0 + -10 + 5 + 5?
0
What is the value of -26 + 12 + 4 + 8?
-2
What is the value of -1 - -1 - (6 + -2 - 7)?
3
What is the value of (1 - 2) + 4 + -7 + 6?
2
Evaluate 1 - 0 - (-10 + (-1 - -11)).
1
What is (18 - 14) + (-1 - -2)?
5
Evaluate (-3 - -3) + 2 - 0 - -3.
5
Calculate (8 - 3) + 3 + -8 + 3.
3
What is the value of (10 + 3 - 3) + -6?
4
Evaluate 4 + (-2 + 3 + -5 - 1).
-1
Calculate -1 + 1 + 0 - (-6 + 3).
3
Calculate 2 + (8 - 3 - 2 - 3).
2
Evaluate 1 + -2 + 10 + -7.
2
What is the value of -9 - (-7 + 5) - 9 - -6?
-10
Evaluate 20 + -27 - (6 - 6).
-7
Calculate 8 - (3 + 1) - (-4 + 13).
-5
What is 9 + -6 - (-1 + 1)?
3
Calculate -7 + 11 - (1 - -3).
0
-14 - -12 - (-5 + -1)
4
Calculate 2 - -2 - (4 + -5).
5
Evaluate 1 + 2 + (0 - (-9 + 14)).
-2
Evaluate 13 - (-6 - -16 - 0).
3
What is the value of 17 + -9 + (5 - 16)?
-3
Calculate 13 + (-26 - -13) + -4 + 1.
-3
What is -3 + 11 + -1 - -2?
9
What is -1 + (-12 - (1 - 8))?
-6
Evaluate (-1 - (4 - 2) - -7) + -1.
3
What is the value of 6 + -3 + -5 - 1?
-3
What is the value of -11 + -15 + 14 + 12?
0
-3 - -11 - (1 - -3)
4
Calculate 10 + -5 + 1 + 0 - 0.
6
Calculate -9 + 9 - (-1 - 3).
4
Evaluate -10 - -4 - -10 - 0.
4
Calculate (-6 - 0 - -4) + (0 - -6).
4
What is 3 + (1 - -2) + -7 + -2?
-3
-7 + (4 + (1 - -1) - 5)
-6
-9 - (10 + -6 + -2 + -5)
-6
What is the value of -3 - (-5 + 6 + -4)?
0
What is 3 + -4 + 18 - 12?
5
Evaluate (2 - 1) + -10 + 4 + -2.
-7
What is -6 + 7 - (-1 + 0 - -7)?
-5
Evaluate 5 + 4 + 1 + -2 + -3.
5
Evaluate (5 - 1 - (-33 - -32)) + -5.
0
What is (1 + 4 - (2 - -2)) + -2?
-1
Calculate (0 - 1) + 1 + 5.
5
What is the value of -10 + 14 + (-10 - 0)?
-6
92 - 98 - (1 - (1 - 0))
-6
8 - 13 - (-1 - (5 - 1))
0
What is (-4 - (-11 + 4)) + 2?
5
What is 5 - 5 - (-7 + 1) - 6?
0
What is the value of 2 + 5 + -5 + -5?
-3
-6 + 15 + (-4 - 3)
2
What is the value of -1 + (5 - 2 - 6) - 1?
-5
What is 2 - (1 + -5 - -2)?
4
What is the value of 0 - -5 - (9 + 1)?
-5
1 - 3 - (-30 + 33)
-5
What is the value of (0 - -4 - 2) + 0 - 3?
-1
9 + (1 - 1 - 6)
3
6 - (-5 + 4 + 4)
3
Evaluate (2 - 2) + (-22 - -11) - -8.
-3
What is (0 - -3) + -10 - -3?
-4
Evaluate -6 + 7 + -1 - (-15 + 8).
7
Calculate -1 + 5 + -9 + 3.
-2
(7 - 7) + (7 - 6 - 5)
-4
What is 3 - (0 + 3 + 5 + -2)?
-3
Evaluate (1 + 0 - (-4 - -3)) + 2.
4
Calculate -10 + 2 - (3 - 6 - -3).
-8
What is -1 + (0 - -1) + -2 - 2?
-4
What is the value of -1 + (8 - (11 - (-7 - -11)))?
0
Calculate -1 + (-8 - -6 - (2 - 5)).
0
What is the value of (-23 - -27) + (3 - 8)?
-1
Calculate -7 - (7 - 11 - -4).
-7
Evaluate -3 + -4 - (-1 + -4).
-2
(5 - 2) + -7 + 9
5
What is the value of (-7 - -5 - 1) + 9?
6
What is 0 - ((-6 - -3) + 14 + -2)?
-9
Evaluate -6 + 9 - (2 + 0).
1
What is 1 + 6 - (34 + -30)?
3
-8 + (-1 - 3) + 6
-6
Calculate (3 - 3) + 5 + (-8 - 4).
-7
What is 17 + -19 + -1 - (-2 + 0)?
-1
Calculate -3 + 3 + -2 + 2 + -1.
-1
Calculate -5 - (7 - 2) - -4.
-6
What is 1 + (13 - 5) + -6?
3
Evaluate 13 + 20 + -33 + -8 + 1.
-7
Calculate (-2 - -2 - 2) + 6.
4
What is the value of -24 - -12 - -19 - 3?
4
Evaluate (-1 - (-10 + 9)) + (4 - 3).
1
(-2 - (13 - 7)) + 5
-3
(1 - (7 - 6)) + -5
-5
Evaluate (-7 - -10) + -1 + -2.
0
What is -2 - (-6 + 0) - 3?
1
What is 2 + -1 - ((-3 - -8) + -1)?
-3
-9 - (2 + -8) - -3
0
What is the value of -1 + -3 - -10 - 7?
-1
4 - (-6 + 8 + 3 + -6)
5
Evaluate (-7 - (-5 + -4)) + 1.
3
-6 + (0 - -7) + -1
0
2 + (-2 - -8) + -3
5
What is the value of 3 + 1 + 0 + (-11 - -9)?
2
What is 3 + (-4 - -1) - 4?
-4
Evaluate 7 + (3 - (5 - 0)) - -3.
8
What is 2 + (8 - 6 - -1)?
5
What is the value of 4 - (-1 + 5) - (7 - 3)?
-4
4 - (-3 - -13) - -4
-2
What is -9 + 11 + -1 - (5 - 0)?
-4
-7 + (-3 - -6) + 9
5
What is the value of (23 - 17) + (-2 - -2)?
6
What is the value of 2 + -5 - (-1 - -3)?
-5
Calculate -9 + 57 + -65 + 12 + 1.
-4
Evaluate 4 + 4 + -2 + 1.
7
Evaluate 0 - -5 - (10 - 9).
4
Evaluate 5 + -4 + -2 + 0 + 0.
-1
What is (-6 - 0) + (-6 - (-8 - 0))?
-4
What is 13 + -5 + 4 - 11?
1
What is (2 - (0 + 2 + 0)) + -3?
-3
What is the value of 5 + (-3 - (6 + 4))?
-8
Evaluate 1 - ((-7 - -6) + 1).
1
Calculate -2 + 1 + (6 - 0).
5
Calculate 0 - (0 - (-9 + 6 + 2)).
-1
0 - -3 - ((-7 - -7) + 2)
1
Calculate (-7 + 4 - 1) + -2 + -3.
-9
What is the value of 6 + -7 + 2 + 0 + 1?
2
What is 5 + -9 + (-1 - -2)?
-3
What is the value of (-2 - -5) + 0 + -1?
2
What is the value of -6 + (21 - 16) - (-7 + 0)?
6
What is the value of 1 + (-4 - -2) - -5?
4
What is the value of -3 + (2 - ((9 - 4) + -1))?
-5
What is the value of 3 + -14 + -1 + -2 + 8?
-6
(-2 - (-1 - -4)) + 1
-4
What is -12 - (3 + 2 + -8)?
-9
What is -16 - (2 + (-3 - 7))?
-8
5 